{"id":179,"date":"2023-06-28T11:46:25","date_gmt":"2023-06-28T09:46:25","guid":{"rendered":"https:\/\/emsmedien.de\/entwicklung\/fremming\/wordpress\/?page_id=179"},"modified":"2023-06-28T11:46:49","modified_gmt":"2023-06-28T09:46:49","slug":"was-tun-im-trauerfall","status":"publish","type":"page","link":"https:\/\/emsmedien.de\/entwicklung\/fremming\/wordpress\/was-tun-im-trauerfall\/","title":{"rendered":"Was tun im Trauerfall?"},"content":{"rendered":"\t\t<div data-elementor-type=\"wp-page\" data-elementor-id=\"179\" class=\"elementor elementor-179\">\n\t\t\t\t\t\t\t\t\t<section class=\"elementor-section elementor-top-section elementor-element elementor-element-7860a18 elementor-section-boxed elementor-section-height-default elementor-section-height-default wpr-particle-no wpr-jarallax-no wpr-parallax-no wpr-sticky-section-no sc_fly_static\" data-id=\"7860a18\" data-element_type=\"section\" data-settings=\"{&quot;_ha_eqh_enable&quot;:false}\">\n\t\t\t\t\t\t<div class=\"elementor-container elementor-column-gap-extended\">\n\t\t\t\t\t<div class=\"elementor-column elementor-col-100 elementor-top-column elementor-element elementor-element-7b08df4 sc_inner_width_none sc_content_align_inherit sc_layouts_column_icons_position_left sc_fly_static\" data-id=\"7b08df4\" data-element_type=\"column\">\n\t\t\t<div class=\"elementor-widget-wrap elementor-element-populated\">\n\t\t\t\t\t\t\t\t<div class=\"elementor-element elementor-element-4af5fbc sc_fly_static elementor-widget elementor-widget-heading\" data-id=\"4af5fbc\" data-element_type=\"widget\" data-widget_type=\"heading.default\">\n\t\t\t\t<div class=\"elementor-widget-container\">\n\t\t\t<style>\/*! elementor - v3.14.0 - 26-06-2023 *\/\n.elementor-heading-title{padding:0;margin:0;line-height:1}.elementor-widget-heading .elementor-heading-title[class*=elementor-size-]>a{color:inherit;font-size:inherit;line-height:inherit}.elementor-widget-heading .elementor-heading-title.elementor-size-small{font-size:15px}.elementor-widget-heading .elementor-heading-title.elementor-size-medium{font-size:19px}.elementor-widget-heading .elementor-heading-title.elementor-size-large{font-size:29px}.elementor-widget-heading .elementor-heading-title.elementor-size-xl{font-size:39px}.elementor-widget-heading .elementor-heading-title.elementor-size-xxl{font-size:59px}<\/style><h1 class=\"elementor-heading-title elementor-size-default\">Was tun um Trauerfall?<\/h1>\t\t<\/div>\n\t\t\t\t<\/div>\n\t\t\t\t<div class=\"elementor-element elementor-element-9ad702d sc_fly_static elementor-widget elementor-widget-spacer\" data-id=\"9ad702d\" data-element_type=\"widget\" data-widget_type=\"spacer.default\">\n\t\t\t\t<div class=\"elementor-widget-container\">\n\t\t\t<style>\/*! elementor - v3.14.0 - 26-06-2023 *\/\n.elementor-column .elementor-spacer-inner{height:var(--spacer-size)}.e-con{--container-widget-width:100%}.e-con-inner>.elementor-widget-spacer,.e-con>.elementor-widget-spacer{width:var(--container-widget-width,var(--spacer-size));--align-self:var(--container-widget-align-self,initial);--flex-shrink:0}.e-con-inner>.elementor-widget-spacer>.elementor-widget-container,.e-con-inner>.elementor-widget-spacer>.elementor-widget-container>.elementor-spacer,.e-con>.elementor-widget-spacer>.elementor-widget-container,.e-con>.elementor-widget-spacer>.elementor-widget-container>.elementor-spacer{height:100%}.e-con-inner>.elementor-widget-spacer>.elementor-widget-container>.elementor-spacer>.elementor-spacer-inner,.e-con>.elementor-widget-spacer>.elementor-widget-container>.elementor-spacer>.elementor-spacer-inner{height:var(--container-widget-height,var(--spacer-size))}<\/style>\t\t<div class=\"elementor-spacer\">\n\t\t\t<div class=\"elementor-spacer-inner\"><\/div>\n\t\t<\/div>\n\t\t\t\t<\/div>\n\t\t\t\t<\/div>\n\t\t\t\t<div class=\"elementor-element elementor-element-3bbb29c sc_fly_static elementor-widget elementor-widget-text-editor\" data-id=\"3bbb29c\" data-element_type=\"widget\" data-widget_type=\"text-editor.default\">\n\t\t\t\t<div class=\"elementor-widget-container\">\n\t\t\t<style>\/*! elementor - v3.14.0 - 26-06-2023 *\/\n.elementor-widget-text-editor.elementor-drop-cap-view-stacked .elementor-drop-cap{background-color:#69727d;color:#fff}.elementor-widget-text-editor.elementor-drop-cap-view-framed .elementor-drop-cap{color:#69727d;border:3px solid;background-color:transparent}.elementor-widget-text-editor:not(.elementor-drop-cap-view-default) .elementor-drop-cap{margin-top:8px}.elementor-widget-text-editor:not(.elementor-drop-cap-view-default) .elementor-drop-cap-letter{width:1em;height:1em}.elementor-widget-text-editor .elementor-drop-cap{float:left;text-align:center;line-height:1;font-size:50px}.elementor-widget-text-editor .elementor-drop-cap-letter{display:inline-block}<\/style>\t\t\t\t<p>Im Trauerfall muss vieles entschieden und geregelt werden. In diesen schweren Zeiten wollen wir eine wertvolle Hilfe f\u00fcr Sie sein.<br \/>Bei einem Sterbefall kontaktieren Sie zuerst einen Arzt der den Tod fest stellt und eine Todesbescheinigung ausstellt. Diese muss beim Verstorbenen bleiben.<br \/>Rufen Sie uns danach an, egal ob Tag oder Nacht, Sonn- oder Feiertage, wir sind jederzeit erreichbar und f\u00fcr Sie zur Stelle.\u00a0<strong>Telefon 05973\/3297<\/strong><br \/>Egal aus welcher Region Sie anrufen, wir sind f\u00fcr Sie da.<\/p><p><strong>Organisation<\/strong><\/p><ul><li>Telefonische Erstberatung im aktuell eingetretenen Sterbefall<\/li><li>\u00dcberf\u00fchrung vom Sterbeort<\/li><li>Besprechung und Beratung, in unseren B\u00fcror\u00e4umen oder wenn gew\u00fcnscht ein Hausbesuch<\/li><li>In unseren neu gestalteten Ausstellungsr\u00e4umen finden Sie eine gro\u00dfe Auswahl von S\u00e4rgen, Decken, Kreuze und Urnen.<\/li><\/ul><p><strong>Planung<\/strong><\/p><ul><li>Beerdigung auf allen Friedh\u00f6fen mit pers\u00f6nlicher Begleitung<\/li><li>Beratung bei der Wahl der Bestattungsform ( Erd-, Feuer-, See-, Wald-, Diamant- oder Ballonbestattung)<\/li><li>Beratung der Grabarten (Reihen-, Wahl-, Rasengrab oder Anonym)<\/li><li>Terminabsprache mit der Kirche, Ort und Zeit der Beerdigung<\/li><li>Bestellung der Kreuz-, und Sargtr\u00e4ger, Beerdigungskaffees und Trauerkarten sowie Traueranzeigen<\/li><li>Individuelle Gestaltung der Trauerfeier z.B. Rosenkranzbeten, Musik, Fotos oder Trauerredner<\/li><li>Individuelle Dekoration der Trauerhalle oder Kirche<\/li><li>Gro\u00dfe Auswahl und Selbstgestaltung von Blumenschmuck sowie Kranzschleifen<\/li><\/ul><p><strong>Erledigung aller Formalit\u00e4ten<\/strong><\/p><ul><li>Abholen der Todesbescheinigung vom Arzt oder vom Sterbeort<\/li><li>Abmeldung beim Standesamt des Sterbeortes und Besorgung der Sterbeurkunden<\/li><li>Abmeldung von Rente (n), Krankenkasse und Versicherungen<\/li><li>Erledigungen aller Formalit\u00e4ten bei der Friedhofsverwaltung, den Kirchen, ggf. bei der Polizei, beim Gesundheitsamt, beim Krematorium<\/li><\/ul>\t\t\t\t\t\t<\/div>\n\t\t\t\t<\/div>\n\t\t\t\t\t<\/div>\n\t\t<\/div>\n\t\t\t\t\t\t\t<\/div>\n\t\t<\/section>\n\t\t\t\t\t\t\t<\/div>\n\t\t","protected":false},"excerpt":{"rendered":"<p>Was tun um Trauerfall? Im Trauerfall muss vieles entschieden und geregelt werden. In diesen schweren Zeiten wollen wir eine wertvolle Hilfe f\u00fcr Sie sein.Bei einem Sterbefall kontaktieren Sie zuerst einen&hellip;<\/p>\n","protected":false},"author":1,"featured_media":0,"parent":0,"menu_order":0,"comment_status":"closed","ping_status":"closed","template":"","meta":{"footnotes":""},"class_list":["post-179","page","type-page","status-publish","hentry"],"_links":{"self":[{"href":"https:\/\/emsmedien.de\/entwicklung\/fremming\/wordpress\/wp-json\/wp\/v2\/pages\/179","targetHints":{"allow":["GET"]}}],"collection":[{"href":"https:\/\/emsmedien.de\/entwicklung\/fremming\/wordpress\/wp-json\/wp\/v2\/pages"}],"about":[{"href":"https:\/\/emsmedien.de\/entwicklung\/fremming\/wordpress\/wp-json\/wp\/v2\/types\/page"}],"author":[{"embeddable":true,"href":"https:\/\/emsmedien.de\/entwicklung\/fremming\/wordpress\/wp-json\/wp\/v2\/users\/1"}],"replies":[{"embeddable":true,"href":"https:\/\/emsmedien.de\/entwicklung\/fremming\/wordpress\/wp-json\/wp\/v2\/comments?post=179"}],"version-history":[{"count":4,"href":"https:\/\/emsmedien.de\/entwicklung\/fremming\/wordpress\/wp-json\/wp\/v2\/pages\/179\/revisions"}],"predecessor-version":[{"id":183,"href":"https:\/\/emsmedien.de\/entwicklung\/fremming\/wordpress\/wp-json\/wp\/v2\/pages\/179\/revisions\/183"}],"wp:attachment":[{"href":"https:\/\/emsmedien.de\/entwicklung\/fremming\/wordpress\/wp-json\/wp\/v2\/media?parent=179"}],"curies":[{"name":"wp","href":"https:\/\/api.w.org\/{rel}","templated":true}]}}

<div data-elementor-type="wp-page" data-elementor-id="179" class="elementor elementor-179">
									<section class="elementor-section elementor-top-section elementor-element elementor-element-7860a18 elementor-section-boxed elementor-section-height-default elementor-section-height-default wpr-particle-no wpr-jarallax-no wpr-parallax-no wpr-sticky-section-no sc_fly_static" data-id="7860a18" data-element_type="section" data-settings="{&quot;_ha_eqh_enable&quot;:false}">
						<div class="elementor-container elementor-column-gap-extended">
					<div class="elementor-column elementor-col-100 elementor-top-column elementor-element elementor-element-7b08df4 sc_inner_width_none sc_content_align_inherit sc_layouts_column_icons_position_left sc_fly_static" data-id="7b08df4" data-element_type="column">
			<div class="elementor-widget-wrap elementor-element-populated">
								<div class="elementor-element elementor-element-4af5fbc sc_fly_static elementor-widget elementor-widget-heading" data-id="4af5fbc" data-element_type="widget" data-widget_type="heading.default">
				<div class="elementor-widget-container">
			<style>/*! elementor - v3.14.0 - 26-06-2023 */
.elementor-heading-title{padding:0;margin:0;line-height:1}.elementor-widget-heading .elementor-heading-title[class*=elementor-size-]>a{color:inherit;font-size:inherit;line-height:inherit}.elementor-widget-heading .elementor-heading-title.elementor-size-small{font-size:15px}.elementor-widget-heading .elementor-heading-title.elementor-size-medium{font-size:19px}.elementor-widget-heading .elementor-heading-title.elementor-size-large{font-size:29px}.elementor-widget-heading .elementor-heading-title.elementor-size-xl{font-size:39px}.elementor-widget-heading .elementor-heading-title.elementor-size-xxl{font-size:59px}</style><h1 class="elementor-heading-title elementor-size-default">Was tun um Trauerfall?</h1>		</div>
				</div>
				<div class="elementor-element elementor-element-9ad702d sc_fly_static elementor-widget elementor-widget-spacer" data-id="9ad702d" data-element_type="widget" data-widget_type="spacer.default">
				<div class="elementor-widget-container">
			<style>/*! elementor - v3.14.0 - 26-06-2023 */
.elementor-column .elementor-spacer-inner{height:var(--spacer-size)}.e-con{--container-widget-width:100%}.e-con-inner>.elementor-widget-spacer,.e-con>.elementor-widget-spacer{width:var(--container-widget-width,var(--spacer-size));--align-self:var(--container-widget-align-self,initial);--flex-shrink:0}.e-con-inner>.elementor-widget-spacer>.elementor-widget-container,.e-con-inner>.elementor-widget-spacer>.elementor-widget-container>.elementor-spacer,.e-con>.elementor-widget-spacer>.elementor-widget-container,.e-con>.elementor-widget-spacer>.elementor-widget-container>.elementor-spacer{height:100%}.e-con-inner>.elementor-widget-spacer>.elementor-widget-container>.elementor-spacer>.elementor-spacer-inner,.e-con>.elementor-widget-spacer>.elementor-widget-container>.elementor-spacer>.elementor-spacer-inner{height:var(--container-widget-height,var(--spacer-size))}</style>		<div class="elementor-spacer">
			<div class="elementor-spacer-inner"></div>
		</div>
				</div>
				</div>
				<div class="elementor-element elementor-element-3bbb29c sc_fly_static elementor-widget elementor-widget-text-editor" data-id="3bbb29c" data-element_type="widget" data-widget_type="text-editor.default">
				<div class="elementor-widget-container">
			<style>/*! elementor - v3.14.0 - 26-06-2023 */
.elementor-widget-text-editor.elementor-drop-cap-view-stacked .elementor-drop-cap{background-color:#69727d;color:#fff}.elementor-widget-text-editor.elementor-drop-cap-view-framed .elementor-drop-cap{color:#69727d;border:3px solid;background-color:transparent}.elementor-widget-text-editor:not(.elementor-drop-cap-view-default) .elementor-drop-cap{margin-top:8px}.elementor-widget-text-editor:not(.elementor-drop-cap-view-default) .elementor-drop-cap-letter{width:1em;height:1em}.elementor-widget-text-editor .elementor-drop-cap{float:left;text-align:center;line-height:1;font-size:50px}.elementor-widget-text-editor .elementor-drop-cap-letter{display:inline-block}</style>				<p>Im Trauerfall muss vieles entschieden und geregelt werden. In diesen schweren Zeiten wollen wir eine wertvolle Hilfe für Sie sein.<br />Bei einem Sterbefall kontaktieren Sie zuerst einen Arzt der den Tod fest stellt und eine Todesbescheinigung ausstellt. Diese muss beim Verstorbenen bleiben.<br />Rufen Sie uns danach an, egal ob Tag oder Nacht, Sonn- oder Feiertage, wir sind jederzeit erreichbar und für Sie zur Stelle. <strong>Telefon 05973/3297</strong><br />Egal aus welcher Region Sie anrufen, wir sind für Sie da.</p><p><strong>Organisation</strong></p><ul><li>Telefonische Erstberatung im aktuell eingetretenen Sterbefall</li><li>Überführung vom Sterbeort</li><li>Besprechung und Beratung, in unseren Büroräumen oder wenn gewünscht ein Hausbesuch</li><li>In unseren neu gestalteten Ausstellungsräumen finden Sie eine große Auswahl von Särgen, Decken, Kreuze und Urnen.</li></ul><p><strong>Planung</strong></p><ul><li>Beerdigung auf allen Friedhöfen mit persönlicher Begleitung</li><li>Beratung bei der Wahl der Bestattungsform ( Erd-, Feuer-, See-, Wald-, Diamant- oder Ballonbestattung)</li><li>Beratung der Grabarten (Reihen-, Wahl-, Rasengrab oder Anonym)</li><li>Terminabsprache mit der Kirche, Ort und Zeit der Beerdigung</li><li>Bestellung der Kreuz-, und Sargträger, Beerdigungskaffees und Trauerkarten sowie Traueranzeigen</li><li>Individuelle Gestaltung der Trauerfeier z.B. Rosenkranzbeten, Musik, Fotos oder Trauerredner</li><li>Individuelle Dekoration der Trauerhalle oder Kirche</li><li>Große Auswahl und Selbstgestaltung von Blumenschmuck sowie Kranzschleifen</li></ul><p><strong>Erledigung aller Formalitäten</strong></p><ul><li>Abholen der Todesbescheinigung vom Arzt oder vom Sterbeort</li><li>Abmeldung beim Standesamt des Sterbeortes und Besorgung der Sterbeurkunden</li><li>Abmeldung von Rente (n), Krankenkasse und Versicherungen</li><li>Erledigungen aller Formalitäten bei der Friedhofsverwaltung, den Kirchen, ggf. bei der Polizei, beim Gesundheitsamt, beim Krematorium</li></ul>						</div>
				</div>
					</div>
		</div>
							</div>
		</section>
							</div>

<p>Was tun um Trauerfall? Im Trauerfall muss vieles entschieden und geregelt werden. In diesen schweren Zeiten wollen wir eine wertvolle Hilfe für Sie sein.Bei einem Sterbefall kontaktieren Sie zuerst einen&hellip;</p>
