{"id":192,"date":"2023-06-28T11:56:39","date_gmt":"2023-06-28T09:56:39","guid":{"rendered":"https:\/\/emsmedien.de\/entwicklung\/fremming\/wordpress\/?page_id=192"},"modified":"2023-06-28T11:57:43","modified_gmt":"2023-06-28T09:57:43","slug":"erdbestattung","status":"publish","type":"page","link":"https:\/\/emsmedien.de\/entwicklung\/fremming\/wordpress\/erdbestattung\/","title":{"rendered":"Erdbestattung"},"content":{"rendered":"\t\t<div data-elementor-type=\"wp-page\" data-elementor-id=\"192\" class=\"elementor elementor-192\">\n\t\t\t\t\t\t\t\t\t<section class=\"elementor-section elementor-top-section elementor-element elementor-element-7860a18 elementor-section-boxed elementor-section-height-default elementor-section-height-default wpr-particle-no wpr-jarallax-no wpr-parallax-no wpr-sticky-section-no sc_fly_static\" data-id=\"7860a18\" data-element_type=\"section\" data-settings=\"{&quot;_ha_eqh_enable&quot;:false}\">\n\t\t\t\t\t\t<div class=\"elementor-container elementor-column-gap-extended\">\n\t\t\t\t\t<div class=\"elementor-column elementor-col-100 elementor-top-column elementor-element elementor-element-7b08df4 sc_inner_width_none sc_content_align_inherit sc_layouts_column_icons_position_left sc_fly_static\" data-id=\"7b08df4\" data-element_type=\"column\">\n\t\t\t<div class=\"elementor-widget-wrap elementor-element-populated\">\n\t\t\t\t\t\t\t\t<div class=\"elementor-element elementor-element-4af5fbc sc_fly_static elementor-widget elementor-widget-heading\" data-id=\"4af5fbc\" data-element_type=\"widget\" data-widget_type=\"heading.default\">\n\t\t\t\t<div class=\"elementor-widget-container\">\n\t\t\t<style>\/*! elementor - v3.14.0 - 26-06-2023 *\/\n.elementor-heading-title{padding:0;margin:0;line-height:1}.elementor-widget-heading .elementor-heading-title[class*=elementor-size-]>a{color:inherit;font-size:inherit;line-height:inherit}.elementor-widget-heading .elementor-heading-title.elementor-size-small{font-size:15px}.elementor-widget-heading .elementor-heading-title.elementor-size-medium{font-size:19px}.elementor-widget-heading .elementor-heading-title.elementor-size-large{font-size:29px}.elementor-widget-heading .elementor-heading-title.elementor-size-xl{font-size:39px}.elementor-widget-heading .elementor-heading-title.elementor-size-xxl{font-size:59px}<\/style><h1 class=\"elementor-heading-title elementor-size-default\">Erdbestattung<\/h1>\t\t<\/div>\n\t\t\t\t<\/div>\n\t\t\t\t<div class=\"elementor-element elementor-element-9ad702d sc_fly_static elementor-widget elementor-widget-spacer\" data-id=\"9ad702d\" data-element_type=\"widget\" data-widget_type=\"spacer.default\">\n\t\t\t\t<div class=\"elementor-widget-container\">\n\t\t\t<style>\/*! elementor - v3.14.0 - 26-06-2023 *\/\n.elementor-column .elementor-spacer-inner{height:var(--spacer-size)}.e-con{--container-widget-width:100%}.e-con-inner>.elementor-widget-spacer,.e-con>.elementor-widget-spacer{width:var(--container-widget-width,var(--spacer-size));--align-self:var(--container-widget-align-self,initial);--flex-shrink:0}.e-con-inner>.elementor-widget-spacer>.elementor-widget-container,.e-con-inner>.elementor-widget-spacer>.elementor-widget-container>.elementor-spacer,.e-con>.elementor-widget-spacer>.elementor-widget-container,.e-con>.elementor-widget-spacer>.elementor-widget-container>.elementor-spacer{height:100%}.e-con-inner>.elementor-widget-spacer>.elementor-widget-container>.elementor-spacer>.elementor-spacer-inner,.e-con>.elementor-widget-spacer>.elementor-widget-container>.elementor-spacer>.elementor-spacer-inner{height:var(--container-widget-height,var(--spacer-size))}<\/style>\t\t<div class=\"elementor-spacer\">\n\t\t\t<div class=\"elementor-spacer-inner\"><\/div>\n\t\t<\/div>\n\t\t\t\t<\/div>\n\t\t\t\t<\/div>\n\t\t\t\t<section class=\"elementor-section elementor-inner-section elementor-element elementor-element-95e8abd elementor-section-boxed elementor-section-height-default elementor-section-height-default wpr-particle-no wpr-jarallax-no wpr-parallax-no wpr-sticky-section-no sc_fly_static\" data-id=\"95e8abd\" data-element_type=\"section\" data-settings=\"{&quot;_ha_eqh_enable&quot;:false}\">\n\t\t\t\t\t\t<div class=\"elementor-container elementor-column-gap-extended\">\n\t\t\t\t\t<div class=\"elementor-column elementor-col-50 elementor-inner-column elementor-element elementor-element-5e920c7 sc_inner_width_none sc_content_align_inherit sc_layouts_column_icons_position_left sc_fly_static\" data-id=\"5e920c7\" data-element_type=\"column\">\n\t\t\t<div class=\"elementor-widget-wrap elementor-element-populated\">\n\t\t\t\t\t\t\t\t<div class=\"elementor-element elementor-element-3bbb29c sc_fly_static elementor-widget elementor-widget-text-editor\" data-id=\"3bbb29c\" data-element_type=\"widget\" data-widget_type=\"text-editor.default\">\n\t\t\t\t<div class=\"elementor-widget-container\">\n\t\t\t<style>\/*! elementor - v3.14.0 - 26-06-2023 *\/\n.elementor-widget-text-editor.elementor-drop-cap-view-stacked .elementor-drop-cap{background-color:#69727d;color:#fff}.elementor-widget-text-editor.elementor-drop-cap-view-framed .elementor-drop-cap{color:#69727d;border:3px solid;background-color:transparent}.elementor-widget-text-editor:not(.elementor-drop-cap-view-default) .elementor-drop-cap{margin-top:8px}.elementor-widget-text-editor:not(.elementor-drop-cap-view-default) .elementor-drop-cap-letter{width:1em;height:1em}.elementor-widget-text-editor .elementor-drop-cap{float:left;text-align:center;line-height:1;font-size:50px}.elementor-widget-text-editor .elementor-drop-cap-letter{display:inline-block}<\/style>\t\t\t\t<p>Die oder Der Verstorbene wird in einem Sarg auf einem Friedhof beigesetzt.\u00a0Die Erdbestattung gilt als die \u00e4lteste und h\u00e4ufigste Bestattungsart. Sie haben die M\u00f6glichkeit von Ihren Verstorbenen in aller Ruhe Abschied zu nehmen und im w\u00fcrdevollen Rahmen zum Grab geleiten. Die Beisetzung in einem Sarg ist in Deutschland gesetzlich vorgeschrieben.<\/p><p>F\u00fcr die Wahl des Grabes gibt es verschiedene M\u00f6glichkeiten, die auf jedem Friedhof anders ausfallen k\u00f6nnen.<\/p><p>Eine Erdbestattung ist m\u00f6glich:<\/p>\t\t\t\t\t\t<\/div>\n\t\t\t\t<\/div>\n\t\t\t\t\t<\/div>\n\t\t<\/div>\n\t\t\t\t<div class=\"elementor-column elementor-col-50 elementor-inner-column elementor-element elementor-element-34e238d sc_inner_width_none sc_content_align_inherit sc_layouts_column_icons_position_left sc_fly_static\" data-id=\"34e238d\" data-element_type=\"column\">\n\t\t\t<div class=\"elementor-widget-wrap elementor-element-populated\">\n\t\t\t\t\t\t\t\t<div class=\"elementor-element elementor-element-7681302 sc_fly_static elementor-widget elementor-widget-image\" data-id=\"7681302\" data-element_type=\"widget\" data-widget_type=\"image.default\">\n\t\t\t\t<div class=\"elementor-widget-container\">\n\t\t\t<style>\/*! elementor - v3.14.0 - 26-06-2023 *\/\n.elementor-widget-image{text-align:center}.elementor-widget-image a{display:inline-block}.elementor-widget-image a img[src$=\".svg\"]{width:48px}.elementor-widget-image img{vertical-align:middle;display:inline-block}<\/style>\t\t\t\t\t\t\t\t\t\t\t\t<img loading=\"lazy\" decoding=\"async\" width=\"600\" height=\"399\" src=\"https:\/\/emsmedien.de\/entwicklung\/fremming\/wordpress\/wp-content\/uploads\/2023\/06\/erdbestattung.jpg\" class=\"attachment-large size-large wp-image-194\" alt=\"\" srcset=\"https:\/\/emsmedien.de\/entwicklung\/fremming\/wordpress\/wp-content\/uploads\/2023\/06\/erdbestattung.jpg 600w, https:\/\/emsmedien.de\/entwicklung\/fremming\/wordpress\/wp-content\/uploads\/2023\/06\/erdbestattung-300x200.jpg 300w, https:\/\/emsmedien.de\/entwicklung\/fremming\/wordpress\/wp-content\/uploads\/2023\/06\/erdbestattung-370x246.jpg 370w, https:\/\/emsmedien.de\/entwicklung\/fremming\/wordpress\/wp-content\/uploads\/2023\/06\/erdbestattung-410x273.jpg 410w\" sizes=\"auto, (max-width: 600px) 100vw, 600px\" \/>\t\t\t\t\t\t\t\t\t\t\t\t\t\t\t<\/div>\n\t\t\t\t<\/div>\n\t\t\t\t\t<\/div>\n\t\t<\/div>\n\t\t\t\t\t\t\t<\/div>\n\t\t<\/section>\n\t\t\t\t\t<\/div>\n\t\t<\/div>\n\t\t\t\t\t\t\t<\/div>\n\t\t<\/section>\n\t\t\t\t<section class=\"elementor-section elementor-top-section elementor-element elementor-element-3d4b1b0 elementor-section-boxed elementor-section-height-default elementor-section-height-default wpr-particle-no wpr-jarallax-no wpr-parallax-no wpr-sticky-section-no sc_fly_static\" data-id=\"3d4b1b0\" data-element_type=\"section\" data-settings=\"{&quot;_ha_eqh_enable&quot;:false}\">\n\t\t\t\t\t\t<div class=\"elementor-container elementor-column-gap-extended\">\n\t\t\t\t\t<div class=\"elementor-column elementor-col-100 elementor-top-column elementor-element elementor-element-9c6b5d5 sc_inner_width_none sc_content_align_inherit sc_layouts_column_icons_position_left sc_fly_static\" data-id=\"9c6b5d5\" data-element_type=\"column\">\n\t\t\t<div class=\"elementor-widget-wrap elementor-element-populated\">\n\t\t\t\t\t\t\t\t<div class=\"elementor-element elementor-element-7a8f305 sc_fly_static elementor-widget elementor-widget-spacer\" data-id=\"7a8f305\" data-element_type=\"widget\" data-widget_type=\"spacer.default\">\n\t\t\t\t<div class=\"elementor-widget-container\">\n\t\t\t\t\t<div class=\"elementor-spacer\">\n\t\t\t<div class=\"elementor-spacer-inner\"><\/div>\n\t\t<\/div>\n\t\t\t\t<\/div>\n\t\t\t\t<\/div>\n\t\t\t\t<div class=\"elementor-element elementor-element-94ef968 sc_fly_static elementor-widget elementor-widget-text-editor\" data-id=\"94ef968\" data-element_type=\"widget\" data-widget_type=\"text-editor.default\">\n\t\t\t\t<div class=\"elementor-widget-container\">\n\t\t\t\t\t\t\t<p><b>Reihengrab<\/b>: Das Reihengrab ist ein Einzelgrab, das hei\u00dft dass nur eine Person beigesetzt werden kann. Das Grab kann nicht selbst ausgesucht werden, dies wird von der Friedhofsverwaltung bestimmt. Auf dem Feld der Reihengr\u00e4ber werden diese nach Sterbedatum angelegt. Nach Ablauf der Nutzungsdauer, je nach Gemeinde ca. 30 Jahre, kann diese zumeist nicht verl\u00e4ngert werden. Die Gestaltung des Grabes kann man weitestgehend selbst bestimmen.<\/p><p><b>Wahlgrab:\u00a0<\/b>Beim Wahlgrab besteht die M\u00f6glichkeit eine mehrstellige Grabst\u00e4tte auszusuchen, sodass es eine geeignete Ruhest\u00e4tte f\u00fcr Familienmitglieder sein kann. Dies kann mit Absprache der Friedhofsverwaltung frei gew\u00e4hlt werden.<\/p><p>Das Nutzungsrecht beim Kauf betr\u00e4gt je nach Gemeinde ca. 40 Jahre, diese kann nach Ablauf ohne aktuelle Beisetzung verl\u00e4ngert werden. Auf den meisten Friedh\u00f6fen gibt es ein Senkgrab, sodass \u00fcberbeerdigt werden kann. Danach ist eine weitere Erdbestattung an der Stelle erst nach 30 Jahren m\u00f6glich. Die Gestaltung des Grabes kann man weitestgehend selbst bestimmen.<\/p><p><b>Rasengrab:\u00a0<\/b>Je nach Friedhof gibt es ein Feld mit Rasengr\u00e4ber. Dies ist ein Einzelgrab auf einer gro\u00dfen Rasenfl\u00e4che. Die Gestaltung ist nicht selbst M\u00f6glich, es wird in den meisten F\u00e4llen nach Wunsch eine Gedenkplatte im Rasen eingesetzt. Die Rasenfl\u00e4che wird vom Friedhofsverwalter gem\u00e4ht und gepflegt. An einem zentralen Ort ist es meistens m\u00f6glich Blumen, Kerzen usw. niederzulegen.<\/p><p><b>Anonym Bestattung:<\/b>\u00a0Es wird auf einem Rasengrabfeld ohne jegliche Kennzeichnung des Verstorbenen Beigesetzt. Die Gestaltung ist ausgeschlossen und die Angeh\u00f6rigen haben keine Verpflichtungen das Grab zu pflegen. Die Angeh\u00f6rigen erkennen nicht die genaue Beisetzungsstelle und die Begleitung der Beisetzung ist meist nicht m\u00f6glich. Es gibt also keinen Ort zum Trauern f\u00fcr die Hinterbliebenen.<\/p>\t\t\t\t\t\t<\/div>\n\t\t\t\t<\/div>\n\t\t\t\t\t<\/div>\n\t\t<\/div>\n\t\t\t\t\t\t\t<\/div>\n\t\t<\/section>\n\t\t\t\t\t\t\t<\/div>\n\t\t","protected":false},"excerpt":{"rendered":"<p>Erdbestattung Die oder Der Verstorbene wird in einem Sarg auf einem Friedhof beigesetzt.\u00a0Die Erdbestattung gilt als die \u00e4lteste und h\u00e4ufigste Bestattungsart. Sie haben die M\u00f6glichkeit von Ihren Verstorbenen in aller&hellip;<\/p>\n","protected":false},"author":1,"featured_media":0,"parent":0,"menu_order":0,"comment_status":"closed","ping_status":"closed","template":"","meta":{"footnotes":""},"class_list":["post-192","page","type-page","status-publish","hentry"],"_links":{"self":[{"href":"https:\/\/emsmedien.de\/entwicklung\/fremming\/wordpress\/wp-json\/wp\/v2\/pages\/192","targetHints":{"allow":["GET"]}}],"collection":[{"href":"https:\/\/emsmedien.de\/entwicklung\/fremming\/wordpress\/wp-json\/wp\/v2\/pages"}],"about":[{"href":"https:\/\/emsmedien.de\/entwicklung\/fremming\/wordpress\/wp-json\/wp\/v2\/types\/page"}],"author":[{"embeddable":true,"href":"https:\/\/emsmedien.de\/entwicklung\/fremming\/wordpress\/wp-json\/wp\/v2\/users\/1"}],"replies":[{"embeddable":true,"href":"https:\/\/emsmedien.de\/entwicklung\/fremming\/wordpress\/wp-json\/wp\/v2\/comments?post=192"}],"version-history":[{"count":4,"href":"https:\/\/emsmedien.de\/entwicklung\/fremming\/wordpress\/wp-json\/wp\/v2\/pages\/192\/revisions"}],"predecessor-version":[{"id":197,"href":"https:\/\/emsmedien.de\/entwicklung\/fremming\/wordpress\/wp-json\/wp\/v2\/pages\/192\/revisions\/197"}],"wp:attachment":[{"href":"https:\/\/emsmedien.de\/entwicklung\/fremming\/wordpress\/wp-json\/wp\/v2\/media?parent=192"}],"curies":[{"name":"wp","href":"https:\/\/api.w.org\/{rel}","templated":true}]}}

<div data-elementor-type="wp-page" data-elementor-id="192" class="elementor elementor-192">
									<section class="elementor-section elementor-top-section elementor-element elementor-element-7860a18 elementor-section-boxed elementor-section-height-default elementor-section-height-default wpr-particle-no wpr-jarallax-no wpr-parallax-no wpr-sticky-section-no sc_fly_static" data-id="7860a18" data-element_type="section" data-settings="{&quot;_ha_eqh_enable&quot;:false}">
						<div class="elementor-container elementor-column-gap-extended">
					<div class="elementor-column elementor-col-100 elementor-top-column elementor-element elementor-element-7b08df4 sc_inner_width_none sc_content_align_inherit sc_layouts_column_icons_position_left sc_fly_static" data-id="7b08df4" data-element_type="column">
			<div class="elementor-widget-wrap elementor-element-populated">
								<div class="elementor-element elementor-element-4af5fbc sc_fly_static elementor-widget elementor-widget-heading" data-id="4af5fbc" data-element_type="widget" data-widget_type="heading.default">
				<div class="elementor-widget-container">
			<style>/*! elementor - v3.14.0 - 26-06-2023 */
.elementor-heading-title{padding:0;margin:0;line-height:1}.elementor-widget-heading .elementor-heading-title[class*=elementor-size-]>a{color:inherit;font-size:inherit;line-height:inherit}.elementor-widget-heading .elementor-heading-title.elementor-size-small{font-size:15px}.elementor-widget-heading .elementor-heading-title.elementor-size-medium{font-size:19px}.elementor-widget-heading .elementor-heading-title.elementor-size-large{font-size:29px}.elementor-widget-heading .elementor-heading-title.elementor-size-xl{font-size:39px}.elementor-widget-heading .elementor-heading-title.elementor-size-xxl{font-size:59px}</style><h1 class="elementor-heading-title elementor-size-default">Erdbestattung</h1>		</div>
				</div>
				<div class="elementor-element elementor-element-9ad702d sc_fly_static elementor-widget elementor-widget-spacer" data-id="9ad702d" data-element_type="widget" data-widget_type="spacer.default">
				<div class="elementor-widget-container">
			<style>/*! elementor - v3.14.0 - 26-06-2023 */
.elementor-column .elementor-spacer-inner{height:var(--spacer-size)}.e-con{--container-widget-width:100%}.e-con-inner>.elementor-widget-spacer,.e-con>.elementor-widget-spacer{width:var(--container-widget-width,var(--spacer-size));--align-self:var(--container-widget-align-self,initial);--flex-shrink:0}.e-con-inner>.elementor-widget-spacer>.elementor-widget-container,.e-con-inner>.elementor-widget-spacer>.elementor-widget-container>.elementor-spacer,.e-con>.elementor-widget-spacer>.elementor-widget-container,.e-con>.elementor-widget-spacer>.elementor-widget-container>.elementor-spacer{height:100%}.e-con-inner>.elementor-widget-spacer>.elementor-widget-container>.elementor-spacer>.elementor-spacer-inner,.e-con>.elementor-widget-spacer>.elementor-widget-container>.elementor-spacer>.elementor-spacer-inner{height:var(--container-widget-height,var(--spacer-size))}</style>		<div class="elementor-spacer">
			<div class="elementor-spacer-inner"></div>
		</div>
				</div>
				</div>
				<section class="elementor-section elementor-inner-section elementor-element elementor-element-95e8abd elementor-section-boxed elementor-section-height-default elementor-section-height-default wpr-particle-no wpr-jarallax-no wpr-parallax-no wpr-sticky-section-no sc_fly_static" data-id="95e8abd" data-element_type="section" data-settings="{&quot;_ha_eqh_enable&quot;:false}">
						<div class="elementor-container elementor-column-gap-extended">
					<div class="elementor-column elementor-col-50 elementor-inner-column elementor-element elementor-element-5e920c7 sc_inner_width_none sc_content_align_inherit sc_layouts_column_icons_position_left sc_fly_static" data-id="5e920c7" data-element_type="column">
			<div class="elementor-widget-wrap elementor-element-populated">
								<div class="elementor-element elementor-element-3bbb29c sc_fly_static elementor-widget elementor-widget-text-editor" data-id="3bbb29c" data-element_type="widget" data-widget_type="text-editor.default">
				<div class="elementor-widget-container">
			<style>/*! elementor - v3.14.0 - 26-06-2023 */
.elementor-widget-text-editor.elementor-drop-cap-view-stacked .elementor-drop-cap{background-color:#69727d;color:#fff}.elementor-widget-text-editor.elementor-drop-cap-view-framed .elementor-drop-cap{color:#69727d;border:3px solid;background-color:transparent}.elementor-widget-text-editor:not(.elementor-drop-cap-view-default) .elementor-drop-cap{margin-top:8px}.elementor-widget-text-editor:not(.elementor-drop-cap-view-default) .elementor-drop-cap-letter{width:1em;height:1em}.elementor-widget-text-editor .elementor-drop-cap{float:left;text-align:center;line-height:1;font-size:50px}.elementor-widget-text-editor .elementor-drop-cap-letter{display:inline-block}</style>				<p>Die oder Der Verstorbene wird in einem Sarg auf einem Friedhof beigesetzt. Die Erdbestattung gilt als die älteste und häufigste Bestattungsart. Sie haben die Möglichkeit von Ihren Verstorbenen in aller Ruhe Abschied zu nehmen und im würdevollen Rahmen zum Grab geleiten. Die Beisetzung in einem Sarg ist in Deutschland gesetzlich vorgeschrieben.</p><p>Für die Wahl des Grabes gibt es verschiedene Möglichkeiten, die auf jedem Friedhof anders ausfallen können.</p><p>Eine Erdbestattung ist möglich:</p>						</div>
				</div>
					</div>
		</div>
				<div class="elementor-column elementor-col-50 elementor-inner-column elementor-element elementor-element-34e238d sc_inner_width_none sc_content_align_inherit sc_layouts_column_icons_position_left sc_fly_static" data-id="34e238d" data-element_type="column">
			<div class="elementor-widget-wrap elementor-element-populated">
								<div class="elementor-element elementor-element-7681302 sc_fly_static elementor-widget elementor-widget-image" data-id="7681302" data-element_type="widget" data-widget_type="image.default">
				<div class="elementor-widget-container">
			<style>/*! elementor - v3.14.0 - 26-06-2023 */
.elementor-widget-image{text-align:center}.elementor-widget-image a{display:inline-block}.elementor-widget-image a img[src$=".svg"]{width:48px}.elementor-widget-image img{vertical-align:middle;display:inline-block}</style>												<img loading="lazy" decoding="async" width="600" height="399" src="https://emsmedien.de/entwicklung/fremming/wordpress/wp-content/uploads/2023/06/erdbestattung.jpg" class="attachment-large size-large wp-image-194" alt="" srcset="https://emsmedien.de/entwicklung/fremming/wordpress/wp-content/uploads/2023/06/erdbestattung.jpg 600w, https://emsmedien.de/entwicklung/fremming/wordpress/wp-content/uploads/2023/06/erdbestattung-300x200.jpg 300w, https://emsmedien.de/entwicklung/fremming/wordpress/wp-content/uploads/2023/06/erdbestattung-370x246.jpg 370w, https://emsmedien.de/entwicklung/fremming/wordpress/wp-content/uploads/2023/06/erdbestattung-410x273.jpg 410w" sizes="auto, (max-width: 600px) 100vw, 600px" />															</div>
				</div>
					</div>
		</div>
							</div>
		</section>
					</div>
		</div>
							</div>
		</section>
				<section class="elementor-section elementor-top-section elementor-element elementor-element-3d4b1b0 elementor-section-boxed elementor-section-height-default elementor-section-height-default wpr-particle-no wpr-jarallax-no wpr-parallax-no wpr-sticky-section-no sc_fly_static" data-id="3d4b1b0" data-element_type="section" data-settings="{&quot;_ha_eqh_enable&quot;:false}">
						<div class="elementor-container elementor-column-gap-extended">
					<div class="elementor-column elementor-col-100 elementor-top-column elementor-element elementor-element-9c6b5d5 sc_inner_width_none sc_content_align_inherit sc_layouts_column_icons_position_left sc_fly_static" data-id="9c6b5d5" data-element_type="column">
			<div class="elementor-widget-wrap elementor-element-populated">
								<div class="elementor-element elementor-element-7a8f305 sc_fly_static elementor-widget elementor-widget-spacer" data-id="7a8f305" data-element_type="widget" data-widget_type="spacer.default">
				<div class="elementor-widget-container">
					<div class="elementor-spacer">
			<div class="elementor-spacer-inner"></div>
		</div>
				</div>
				</div>
				<div class="elementor-element elementor-element-94ef968 sc_fly_static elementor-widget elementor-widget-text-editor" data-id="94ef968" data-element_type="widget" data-widget_type="text-editor.default">
				<div class="elementor-widget-container">
							<p><b>Reihengrab</b>: Das Reihengrab ist ein Einzelgrab, das heißt dass nur eine Person beigesetzt werden kann. Das Grab kann nicht selbst ausgesucht werden, dies wird von der Friedhofsverwaltung bestimmt. Auf dem Feld der Reihengräber werden diese nach Sterbedatum angelegt. Nach Ablauf der Nutzungsdauer, je nach Gemeinde ca. 30 Jahre, kann diese zumeist nicht verlängert werden. Die Gestaltung des Grabes kann man weitestgehend selbst bestimmen.</p><p><b>Wahlgrab: </b>Beim Wahlgrab besteht die Möglichkeit eine mehrstellige Grabstätte auszusuchen, sodass es eine geeignete Ruhestätte für Familienmitglieder sein kann. Dies kann mit Absprache der Friedhofsverwaltung frei gewählt werden.</p><p>Das Nutzungsrecht beim Kauf beträgt je nach Gemeinde ca. 40 Jahre, diese kann nach Ablauf ohne aktuelle Beisetzung verlängert werden. Auf den meisten Friedhöfen gibt es ein Senkgrab, sodass überbeerdigt werden kann. Danach ist eine weitere Erdbestattung an der Stelle erst nach 30 Jahren möglich. Die Gestaltung des Grabes kann man weitestgehend selbst bestimmen.</p><p><b>Rasengrab: </b>Je nach Friedhof gibt es ein Feld mit Rasengräber. Dies ist ein Einzelgrab auf einer großen Rasenfläche. Die Gestaltung ist nicht selbst Möglich, es wird in den meisten Fällen nach Wunsch eine Gedenkplatte im Rasen eingesetzt. Die Rasenfläche wird vom Friedhofsverwalter gemäht und gepflegt. An einem zentralen Ort ist es meistens möglich Blumen, Kerzen usw. niederzulegen.</p><p><b>Anonym Bestattung:</b> Es wird auf einem Rasengrabfeld ohne jegliche Kennzeichnung des Verstorbenen Beigesetzt. Die Gestaltung ist ausgeschlossen und die Angehörigen haben keine Verpflichtungen das Grab zu pflegen. Die Angehörigen erkennen nicht die genaue Beisetzungsstelle und die Begleitung der Beisetzung ist meist nicht möglich. Es gibt also keinen Ort zum Trauern für die Hinterbliebenen.</p>						</div>
				</div>
					</div>
		</div>
							</div>
		</section>
							</div>

<p>Erdbestattung Die oder Der Verstorbene wird in einem Sarg auf einem Friedhof beigesetzt. Die Erdbestattung gilt als die älteste und häufigste Bestattungsart. Sie haben die Möglichkeit von Ihren Verstorbenen in aller&hellip;</p>
